0
In base 3, what is 1200202110012201 + -10?
1200202110012121
In base 7, what is 635405 + 120?
635525
In base 5, what is -41324 - -2214000?
2122121
In base 2, what is -1000010100100000110001 + 10?
-1000010100100000101111
In base 11, what is -13792 - -10212?
-3580
In base 9, what is -106738375 + 0?
-106738375
In base 12, what is -21200 + -114?
-21314
In base 14, what is -42048b - -235?
-420256
In base 13, what is 201a76699 - -5?
201a766a1
In base 6, what is 21124145 - -112?
21124301
In base 6, what is -2111054 - 1432?
-2112530
In base 15, what is -3e4230 + -39?
-3e4269
In base 13, what is b4081 + -69?
b4015
In base 9, what is -2 - -16520303?
16520301
In base 13, what is 3a0b73 + -26?
3a0b4a
In base 5, what is -2 - -1401302311?
1401302304
In base 16, what is 3 + -3e2e78e?
-3e2e78b
In base 4, what is -31210301112 - 23?
-31210301201
In base 12, what is 0 + 343a927?
343a927
In base 13, what is -3 - -28580ca?
28580c7
In base 3, what is -2111 + 10011201002?
10011121121
In base 10, what is 183 - 15088?
-14905
In base 5, what is 1001333434 + 14?
1001334003
In base 8, what is -2244467 + -17?
-2244506
In base 13, what is 4 + 84928?
8492c
In base 15, what is -5 - 34de6b?
-34de71
In base 3, what is 1000211012012 + 1110120?
1000212122202
In base 15, what is -109 - 3ddc?
-3ee6
In base 12, what is -4360438 + -2?
-436043a
In base 5, what is 10120133114302 - 3?
10120133114244
In base 6, what is 253405 + -35520?
213445
In base 8, what is 2461513 + -11?
2461502
In base 13, what is -12 + 11131?
1111c
In base 7, what is -4511504645 + 5?
-4511504640
In base 10, what is -300 + 22044?
21744
In base 14, what is 6 + -3a14d8?
-3a14d2
In base 13, what is -235 + 5c72?
5a3a
In base 3, what is 100022 - -112012102?
112112201
In base 10, what is 139154 + -3?
139151
In base 15, what is 101 - 8c666?
-8c565
In base 2, what is 1011010000010010000111 - 1?
1011010000010010000110
In base 14, what is -27d - -d291d?
d2680
In base 4, what is 12002 - 11123323?
-11111321
In base 11, what is 5 - 3a382895?
-3a382890
In base 8, what is -21 + 7663317?
7663276
In base 7, what is 10110434 + -4?
10110430
In base 4, what is 122132231303 + 3?
122132231312
In base 10, what is -1157 - -71334?
70177
In base 5, what is 10 + 1422431320?
1422431330
In base 2, what is -101 - -111011001101001100101?
111011001101001100000
In base 3, what is 102110000 + -22011210?
10021020
In base 6, what is 2100003425 - 4?
2100003421
In base 12, what is -5 + -1546bb?
-154704
In base 5, what is -1014113 - -1?
-1014112
In base 10, what is 5517609 - 11?
5517598
In base 2, what is -1100011000011011101 + 110?
-1100011000011010111
In base 3, what is -211200000110221 - 102?
-211200000111100
In base 11, what is 4895a - -40?
4899a
In base 9, what is 26 - -474433?
474460
In base 15, what is 4 - -939a35?
939a39
In base 11, what is -28a994 - 5?
-28a999
In base 11, what is 57 - 776114?
-776068
In base 4, what is 23222123 + 3032103?
32320232
In base 13, what is 8 + -58334cb?
-58334c3
In base 9, what is 2 - -14622401?
14622403
In base 12, what is 14 - -1395b?
13973
In base 2, what is 110100101101000 - 10100111010000?
11111110011000
In base 9, what is 578532 + 75?
578617
In base 11, what is -49945 + -746?
-4a590
In base 11, what is -27a84 - 4860?
-31834
In base 10, what is 11231 + 859?
12090
In base 8, what is -110731 + -4403?
-115334
In base 12, what is 133 + -4320bb?
-431b88
In base 12, what is 1717 + 251?
1968
In base 4, what is 21 - 112213011212?
-112213011131
In base 3, what is 101010 + 1001120?
1102200
In base 6, what is -1034533430 - -2?
-1034533424
In base 9, what is 640137 - -120?
640257
In base 2, what is 100 + 10001101011101000101011001?
10001101011101000101011101
In base 11, what is -911a7a + 1?
-911a79
In base 16, what is -39 - -bbbc?
bb83
In base 11, what is -3a0508 - -4?
-3a0504
In base 4, what is -102010233 - -213332?
-101130301
In base 11, what is -2a8582 + 468?
-2a8115
In base 13, what is b54 - -933a5?
94229
In base 13, what is 3 + -20cb58a8?
-20cb58a5
In base 12, what is -b8 + -2a01a?
-2a116
In base 3, what is 12 + -102210210221110?
-102210210221021
In base 11, what is -57 + -4a219?
-4a275
In base 14, what is -b + 4ca38?
4ca2b
In base 2, what is -1000 + 110111001011111010111?
110111001011111001111
In base 16, what is 26bda - -4?
26bde
In base 9, what is 11800 + -35188?
-23288
In base 8, what is -130370 - 170?
-130560
In base 14, what is 35813 - -26?
35839
In base 4, what is 3211312100023 - 2?
3211312100021
In base 10, what is 49346 + -10983?
38363
In base 6, what is -400035 - -55053?
-300542
In base 14, what is 375 - -91c8?
955d
In base 7, what is -11006 - 140656?
-151665
In base 10, what is -786 + 24855?
24069
In base 11, what is 8313 - -11a69?
1a281
In base 5, what is 3300 - -33012?
41312
In base 3, what is 10 - -1100122111001222?
1100122111002002
In base 4, what is 1101212103 - -110?
1101212213
In base 2, what is -10101001000110010100100111 + 11?
-10101001000110010100100100
In base 16, what is 15 + -4023a3?
-40238e
In base 7, what is 160 - 3500111?
-3466621
In base 6, what is 25243 + -132440?
-103153
In base 8, what is 1075 + -11157?
-10062
In base 6, what is 54510312 - 352?
54505520
In base 11, what is -9 + -439620?
-439629
In base 12, what is -19 - 1053591?
-10535aa
In base 3, what is -220 - -121102222101?
121102221111
In base 16, what is -c74f2 - 6?
-c74f8
In base 4, what is -11 + 1230302?
1230231
In base 4, what is 33333 + -132101221?
-132001222
In base 4, what is 231333211 + -103?
231333102
In base 15, what is -22521cd + 3?
-22521ca
In base 7, what is 31640643 + 20?
31640663
In base 5, what is 4041244441 - 10?
4041244431
In base 16, what is 3 - -1137731?
1137734
In base 16, what is -6203450f - 2?
-62034511
In base 5, what is 223410040 + -4?
223410031
In base 13, what is 93716 - -148?
93861
In base 3, what is -21 - -2020222020102?
2020222020011
In base 15, what is 2ce + -12acb0?
-12a9d1
In base 2, what is -10001100100000100 + 10111001101?
-10001001100110111
In base 8, what is -1012364056 - 1?
-1012364057
In base 13, what is -14932c + -1b?
-14934a
In base 8, what is -157456713 - -3?
-157456710
In base 3, what is 0 + -20020201212?
-20020201212
In base 12, what is 4 - 2b06b71a?
-2b06b716
In base 2, what is 1001101111101111001111 - -111001?
1001101111110000001000
In base 5, what is -111000114 + -31?
-111000200
In base 12, what is 4 - -11315228?
11315230
In base 16, what is 2 + -b030e?
-b030c
In base 5, what is 3 + -1214422202?
-1214422144
In base 13, what is -aa - 3c4b3?
-3c590
In base 14, what is 289 - -292b9?
29564
In base 3, what is -110 - 1011021100212?
-1011021101022
In base 3, what is -10211210 - -122000121?
111011211
In base 16, what is -1 + -b806bb0?
-b806bb1
In base 6, what is -14120022 + 41?
-14115541
In base 16, what is 9aa1 - -12c5?
ad66
In base 5, what is -1041411140 + -120?
-1041411310
In base 16, what is -9888 - -58?
-9830
In base 11, what is -167414 - 1032?
-168446
In base 15, what is 2d6a + 3818?
6683
In base 16, what is -1559 - -115b5?
1005c
In base 9, what is -1001782784 - -2?
-1001782782
In base 4, what is 120210222222 - 20?
120210222202
In base 10, what is -5 + -15622549?
-15622554
In base 13, what is 8b6a5 + -9a?
8b608
In base 15, what is -b + 14b1c6?
14b1ba
In base 2, what is 1000011110111100100100 - -101?
1000011110111100101001
In base 16, what is 79dc4 + 1?
79dc5
In base 12, what is 13 + 27989bb?
2798a12
In base 12, what is -60b444 + -58?
-60b4a0
In base 14, what is -1542a604 + 0?
-1542a604
In base 3, what is -11121100101210 + 12?
-11121100101121
In base 7, what is -10656220 - 255?
-10656505
In base 8, what is 11127464 - 5?
11127457
In base 12, what is -3 + -60521574?
-60521577
In base 4, what is -223 - 3100311?
-3101200
In base 5, what is -142312 - 3232122?
-3424434
In base 4, what is -120322 + -2211002?
-2331330
In base 14, what is -6 - -6a509c?
6a5096
In base 14, what is -15 - 197891?
-1978a6
In base 15, what is 15beec24 - -5?
15beec29
In base 4, what is 332131322320 + 10?
332131322330
In base 13, what is -18995 + -51?
-18a16
In base 10, what is 4215242 - -12?
4215254
In base 16, what is -ac2d - -7d?
-abb0
In base 12, what is 76a29884 + -9?
76a29877
In base 4, what is 1231110332 + 3?
1231111001
In base 5, what is -1341 + -112234?
-114130
In base 9, what is -418 - -58345?
57826
In base